 o(8).
4
Let g(l) = -l**2 + 8*l - 3. Give g(7).
4
Let h(u) = 37*u**3 + u**2 + 2*u. Calculate h(-1).
-38
Let x(g) = -g**2 + 16*g - 5. Determine x(16).
-5
Let c(j) = -2*j**2 + 8*j + 8. Give c(4).
8
Let u(t) = 19*t - 2. Give u(-2).
-40
Let f(w) = w**3 - w**2 + 3*w + 14. What is f(0)?
14
Let r(h) = -2*h + 5. Give r(5).
-5
Let d(g) = -g**2 - 2*g + 623. Give d(24).
-1
Let v(o) = -2*o - 66. Determine v(-30).
-6
Let b(h) = h**2 + 6*h + 3. What is b(-5)?
-2
Let s(j) = 18*j**2 + 5*j - 16. Give s(2).
66
Let m(w) = 39*w**3 - w**2 + 1. Determine m(-1).
-39
Let u(w) = -w**3 - w - 29. Give u(0).
-29
Let h(v) = 7*v + 62. Determine h(-15).
-43
Let i(o) = o**3 - 3*o**2 + o - 3. Determine i(3).
0
Let n(d) = -78*d + 10. What is n(1)?
-68
Let z(d) = d**3 - 14*d**2 - 14*d - 21. Calculate z(15).
-6
Let r(g) = g**3 + g**2 - 13*g + 1. Give r(-4).
5
Let g(d) = -d**2 + 10*d - 3. Give g(9).
6
Let d(x) = -30*x. What is d(1)?
-30
Let j(x) = 4*x - 5. What is j(23)?
87
Let r(c) = c**3 + 12*c**2 + 12*c + 36. Determine r(-11).
25
Let m(r) = 22*r**3 + 2*r**2. Give m(-1).
-20
Let a(o) = o**3 + 3*o**2 + 6*o + 1. What is a(-4)?
-39
Let r(o) = -6*o + 57. What is r(9)?
3
Let c(p) = p**3 - 8*p**2 + 4*p + 15. Give c(5).
-40
Let h(d) = -d**3 - 7*d**2 + 24*d + 5. Calculate h(3).
-13
Let g(n) = -9*n + 22. Determine g(18).
-140
Let c(n) = -n**2 + n + 26. Give c(-4).
6
Let r(o) = -o**3 + 10*o**2 + 15*o - 27. Give r(11).
17
Let g(i) = i**3 + 10*i**2 + 13*i + 8. Determine g(-8).
32
Let z(m) = m**3 - 4*m**2 + 5. What is z(4)?
5
Let t(s) = s**3 - 21*s**2 - 21*s - 29. Calculate t(22).
-7
Let j(q) = -q**3 - 7*q**2 - 4*q + 4. Determine j(-5).
-26
Let a(o) = 7*o + 4. Calculate a(-3).
-17
Let k(h) = 50*h + 151. Calculate k(-3).
1
Let o(f) = f**2 - 4*f - 9. Calculate o(-6).
51
Let o(y) = -4*y - 8. What is o(4)?
-24
Let n(h) = -h**2 + h + 1. Give n(-2).
-5
Let n(q) = -q**3 - 6*q**2 - q - 9. What is n(-6)?
-3
Let h(k) = k**3 - 16*k**2 - 20*k + 9. What is h(17)?
-42
Let a(u) = u**3 - 4*u**2 - 5*u - 3. Calculate a(-3).
-51
Let z(l) = l**3 - 2*l**2 + l - 1. Calculate z(3).
11
Let y(j) = j**3 + 17*j**2 - 16*j + 17. Determine y(-18).
-19
Let h(f) = -2*f + 92. Give h(35).
22
Let a(z) = z**3 + 15*z**2 + 12*z + 40. What is a(-14)?
68
Let u(z) = z + 1. Give u(9).
10
Let n(v) = -9*v**3 + 2*v + 1. Give n(-1).
8
Let j(z) = 2*z**3 - 14*z**2 + 25*z - 3. What is j(3)?
0
Let o(l) = l**3 + 4*l**2 - 3*l - 8. Calculate o(-3).
10
Let k(y) = y**2 - 19*y - 93. Calculate k(23).
-1
Let a(c) = -4*c**2 - 2*c - 1. Give a(-1).
-3
Let w(q) = 2*q**3 + 35*q**2 + 23*q + 107. Determine w(-17).
5
Let j(u) = -u**2 + 9*u - 24. What is j(6)?
-6
Let i(d) = -d**3 - 6*d**2 + 12*d + 33. Give i(-7).
-2
Let i(r) = -2*r**3 - 4*r**2 - 4*r - 3. Determine i(-2).
5
Let w(x) = x**3 - 4*x**2 - 4*x + 2. What is w(5)?
7
Let l(c) = -2*c**2 + 34*c - 58. Calculate l(2).
2
Let o(v) = -v**3 + 7*v**2 - 6*v + 5. What is o(5)?
25
Let f(m) = 4*m**3 + 6*m - 5. What is f(1)?
5
Let v(w) = 7*w - 3. Give v(2).
11
Let k(d) = -9*d**2 + 3*d - 1. Give k(1).
-7
Let w(g) = -5*g - 15. What is w(-7)?
20
Let h(n) = -n - 1. What is h(8)?
-9
Let s(z) = 16*z - 135. Determine s(8).
-7
Let s(m) = -30*m**3 - 6*m + 7. Calculate s(1).
-29
Let x(o) = -55*o + 333. Give x(6).
3
Let a(n) = -n**3 + 4*n**2 + 14*n + 1. Give a(6).
13
Let c(j) = -j**2 + 16*j + 16. Calculate c(18).
-20
Let u(q) = q**3 + 2*q**2 - 6*q - 4. Determine u(-4).
-12
Let a(s) = s**3 + s**2 + s + 22. Calculate a(0).
22
Let j(y) = -9*y + 18. Give j(2).
0
Let i(l) = l**3 - 10*l**2 + l - 16. Calculate i(10).
-6
Let v(b) = -6*b**2 + b - 2. Calculate v(-2).
-28
Let s(c) = c**3 + 63*c**2 - 61*c + 190. Determine s(-64).
-2
Let q(s) = 12*s + 78. Calculate q(-7).
-6
Let w(b) = b**3 - 7*b**2 - 10*b + 18. Calculate w(8).
2
Let q(u) = -u**3 + 8*u**2 + 15. Determine q(8).
15
Let s(i) = -i**2 - 2*i + 6. Give s(-5).
-9
Let t(a) = a - 12. Determine t(16).
4
Let f(u) = u**2 + 17*u + 6. Calculate f(-20).
66
Let r(w) = 4*w - 15. Give r(10).
25
Let i(u) = 17*u - 5. What is i(2)?
29
Let d(b) = 3*b**3 - 5*b**2 + 14*b + 3. Calculate d(4).
171
Let s(b) = b**3 - 5*b**2 + 4*b - 1. Calculate s(5).
19
Let q(s) = -s**3 - s**2 - s + 4. What is q(0)?
4
Let l(a) = a**2 - 13*a - 17. What is l(0)?
-17
Let g(q) = q - 4. Give g(-2).
-6
Let k(d) = d**2 - 42*d - 714. Determine k(-13).
1
Let z(w) = 36*w**3 - 2*w**2 + 3*w + 5. Determine z(-1).
-36
Let j(d) = -d**2 - 31*d - 239. What is j(-14)?
-1
Let z(v) = v**3 + 20*v**2 + 37*v + 26. Determine z(-18).
8
Let d(a) = a - 8. Give d(3).
-5
Let l(c) = -c + 2. Calculate l(3).
-1
Let v(q) = q**3 + 6*q**2 + 4*q + 5. What is v(-5)?
10
Let s(b) = -b**2 + 18*b - 20. Calculate s(16).
12
Let h(c) = -12*c**2 - 13*c - 28. What is h(-3)?
-97
Let c(k) = -k**3 + 8*k**2 + 15*k - 69. What is c(6)?
93
Let u(z) = 17*z + 29. What is u(-9)?
-124
Let y(n) = 2*n**3 + 3*n**2 + 4*n - 1. Determine y(-2).
-13
Let g(j) = 4*j**2 - 3*j + 3. Give g(-3).
48
Let r(q) = -12*q + 1. Calculate r(2).
-23
Let u(l) = 5*l**3 + l**2 + l - 1. Determine u(1).
6
Let a(u) = 3*u - 9. Give a(-5).
-24
Let o(q) = q - 17. What is o(13)?
-4
Let r(c) = -c**3 - 3*c**2 + 11*c + 6. Calculate r(-5).
1
Let t(l) = l**3 + 15*l**2 - l - 11. What is t(-15)?
4
Let p(m) = -21*m - 121. What is p(-5)?
-16
Let x(y) = y - 10. Calculate x(-19).
-29
Let f(a) = -a**2 + a - 5. Calculate f(5).
-25
Let o(w) = 4*w + 3. Give o(11).
47
Let y(w) = 4*w - 4. Determine y(-6).
-28
Let a(k) = -15*k**2 - k - 1. Determine a(-1).
-15
Let p(c) = -c**2 - 24*c - 38. What is p(-22)?
6
Let r(f) = f**2 - 15*f + 19. Determine r(15).
19
Let g(u) = -4*u**2 - 15*u + 62. What is g(3)?
-19
Let f(m) = -m + 4. Determine f(3).
1
Let r(l) = -l**3 + 30*l**2 + 66*l - 111. Determine r(32).
-47
Let o(v) = -v + 6. Determine o(-12).
18
Let v(z) = -2*z**2 - 5*z - 3. Give v(-2).
-1
Let p(g) = 6*g + 2. Calculate p(6).
38
Let n(x) = x**3 + 12*x**2 + 27*x - 55. What is n(-7)?
1
Let f(z) = z**2 + 10*z - 1. What is f(-11)?
10
Let m(g) = -g**2 + 32*g - 29. Give m(31).
2
Let f(o) = -o**2 - 21*o - 100. Calculate f(-10).
10
Let q(j) = 22*j**2 - j + 1. Determine q(1).
22
Let z(c) = c**2 + 8*c + 2. Give z(-6).
-10
Let q(y) = -y**3 - 5*y**2 - 4*y + 3. Give q(-5).
23
Let g(l) = -l**2 - 10*l - 23. Determine g(-9).
-14
Let p(s) = 3*s**2 - 76*s - 52. What is p(26)?
0
Let q(t) = -t**2 - 31*t - 74. Give q(-28).
10
Let t(q) = -q - 9. Calculate t(-11).
2
Let u(d) = -d**3 - 13*d**2 + 9*d - 61. Give u(-14).
9
Let i(w) = -w**3 - 13*w**2 + 14*w + 3. Calculate i(-14).
3
Let r(f) = f**3 - 11*f**2 + f - 2. Calculate r(11).
9
Let l(t) = -t**2 - 3*t + 8. Determine l(2).
-2
Let o(i) = 16*i**2 - 7*i - 2. Determine o(-3).
163
Let c(k) = k + 21. Give c(19).
40
Let c(h) = -47*h**2 - 5*h - 2. What is c(-1)?
-44
Let b(l) = -l**3 - 7*l**2 - 5*l + 1. Determine b(-5).
-24
Let r(l) = l**3 - 12*l**2 + 9*l - 22. Calculate r(11).
-44
Let m(u) = -3*u + 2. Calculate m(-6).
20
Let v(n) = -20*n - 184. Determine v(-10).
16
Let o(a) = -a**2 - 4*a + 17. Determine o(-5).
12
Let r(x) = -14*x + 7. What is r(0)?
7
Let l(n) = -3*n - 13. Give l(-5).
2
Let t(q) = -4*q - 7. What is t(-3)?
5
Let c(m) = 6*m - 10. Give c(1).
-4
Let k(n) = -n**2 + 12*n - 5. Calculate k(11).
6
Let k(l) = 3*l**2 + 4*l + 1. Give k(-2).
5
Let q(j) = -2*j - 3. Calculate q(-2).
1
Let t(u) = 18*u - 97. Give t(6).
11
Let w(h) = -40*h - 36. Give w(-1).
4
Let j(g) = -86*g + 512. Determine j(6).
-4
Let u(c) = -c**3 - 3*c**2 + 2*c + 5. Determine u(-3).
-1
Let p(a) = -a**2 - 16*a + 19. Give p(-17).
2
Let g(p) = -2*p**2 - 2*p + 1. Determine g(-5).
-39
Let y(u) = -10*u + 129. Calculate y(14).
-11
Let b(z) = -17*z - 3. What is b(7)?
-122
Let r(q) = -33*q - 200. Give r(-6).
-2
Let m(b) = -3*b**2 + 7*b + 2. What is m(4)?
-18
Let r(q) = -4*q + 1. What is r(1)?
-3
Let p(h) = h**3 + 9*h**2 + 11*h - 8. Determine p(-7).
13
Let w(f) = -4*f + 147. Calculate w(38).
-5
Let r(l) = -4*l**2 + 63*l + 122. Give r(-2).
-20
Let k(s) = s**2 + 11*s - 6. What is k(-11)?
-6
Let x(l) = l**2 + 2. Give x(-5).
27
Let b(j) = 5*j**3 - j**2 + 26*j - 25. Give b(1).
5
Let z(h) = -11*h + 2. Calculate z(-4).
46
Let r(z) = 32*z + 153. What is r(-6)?
-39
Let z(k) = k**3 - 12*k**2 - 16*k + 32. Give z(13).
-7
Let r(g) = -59*g - 11. Give r(-4).
225
Let h(g) = 12*g + 7. What is h(3)?
43
Let h(x) = x**3 + 10*x**2 + 10*x - 12. Give h(-11).
-243
Le